ed by 5?
4
Let j be 5*-1*18/45. What is the remainder when (8 + (j - -4))*8 is divided by 27?
26
Let x be (-171)/27 - -7 - (-148)/3. Suppose h + 3*m + 42 = 4*h, -x = -3*h - m. What is the remainder when 79 is divided by h?
15
Let r = 1003 + -1006. Let q be 5 + (-1 - -3)*-1. What is the remainder when 82 is divided by (27/q)/r + 17?
12
Calculate the remainder when 151 is divided by (-36)/234 - 2058/(-26).
72
What is the remainder when 609 is divided by (2*-2)/(-4 - 603/(-153))?
65
Let d = -10 - -13. Suppose -6*t + d = 21. Let b = t - -12. What is the remainder when 14 is divided by b?
5
Let y = -1247 + 1614. What is the remainder when y is divided by 183?
1
What is the remainder when 157 is divided by 275/(-22)*1/((-10)/28)?
17
Let n(d) = 2*d**2 - 16*d - 14. Let c be n(9). Suppose 0*t - 132 = -3*t. What is the remainder when t is divided by (2/(-3))/(c/(-450)*5)?
14
Let u(q) = q - 189. Let o be u(0). Let y(s) = s**3 + 7*s**2 - 7*s + 11. Let a be y(-8). What is the remainder when (-2)/a*o/6 is divided by 12?
9
Suppose 6 = -6*a + 540. Calculate the remainder when a is divided by 23.
20
Let h = 1724 + -580. Calculate the remainder when h is divided by 37.
34
Let b = -51 + 52. Let h(r) = -r**2 + 7*r + 1. What is the remainder when h(7) is divided by b?
0
Let c be 5 + 157 + (-4 - 1). Let p = -114 + c. Calculate the remainder when p is divided by 3/((-8)/(-6) - 1).
7
Let o(t) = 1 + 8*t - 6*t + t**2 + t**2 + 6*t**2. Let n(y) = y**3 - 6*y**2 + 4*y + 4. Let c be n(5). Calculate the remainder when 19 is divided by o(c).
5
Suppose 39*i + 6754 = 61*i. What is the remainder when i is divided by 12?
7
Suppose 8*j + 2 = 178. Calculate the remainder when (1 + 1)/((-4)/(-82)) is divided by j.
19
Suppose r + 10 = 35. Suppose 65*s - 90*s = -325. Calculate the remainder when r is divided by s.
12
Suppose -8*k + 96 = -4*k. Let w = 9 - 5. Calculate the remainder when 139/w - (-6)/k is divided by 12.
11
Let l = -109 + 186. Calculate the remainder when l is divided by 13.
12
What is the remainder when (-640)/(-2) - 9 - 1 is divided by 78?
76
Let u(m) = m**3 + 6*m**2 - 3*m - 35. Let v be u(-5). Suppose 70 + v = 5*q. What is the remainder when 58 is divided by q?
13
Suppose 13*j = 14*j - 14. Calculate the remainder when 41 is divided by j.
13
Let v be ((-1)/2)/(2/(-20)). Suppose -83 = -v*o + 4*m, -2*m - 3*m = o - 5. Calculate the remainder when 28 is divided by o.
13
Suppose 4*o = -4*g + 24, -2*g - o - 14 = -6*g. Suppose 0 = 2*s + u - 45, 5*u - 57 + 182 = g*s. What is the remainder when 20/s*(-115)/(-2) is divided by 16?
14
Let p be -1 - (-5)/((-10)/(-8)). Suppose -4*b - 2*u + 97 = -5*u, -p*b - 4*u = -104. Calculate the remainder when b is divided by 8.
4
Suppose 5*p = 47 + 158. Let i = p - -29. Suppose 249*k - 257*k = -144. Calculate the remainder when i is divided by k.
16
What is the remainder when 68 is divided by 66/(-15)*-5 + (-8)/(-4)?
20
Suppose -6 = -a - 2*a. Suppose 0 = a*j + 34 - 98. Calculate the remainder when j/(-6)*3/(-2) is divided by 2.
0
Calculate the remainder when -2 + (-8)/(-3) + 46268/258 is divided by 57.
9
Let p(z) = -z**3 + z**2 - z + 3. Let r be 2/6*15 + 2. Let v(b) = b**3 - 7*b**2 + 3*b - 6. What is the remainder when p(-3) is divided by v(r)?
12
Let u(c) = 2*c**2 - 14*c + 4. Let f be u(6). Let j = 27 - f. What is the remainder when 67 is divided by j?
32
Let d(u) = -u**3 + 7*u**2 - u + 10. Let w be d(7). Suppose q + y = w*y + 25, -y = 2. What is the remainder when 32 is divided by (-1)/(-2 - q/(-11))?
10
Let i = 11 + -8. Let q = -5 + i. Calculate the remainder when 67 is divided by 85/(-15)*6/q.
16
Let l(p) = -p**3 + 24*p**2 - 38*p - 30. What is the remainder when l(22) is divided by 5?
2
Let g(y) = -y**3 + 19*y**2 + 53*y + 62. What is the remainder when g(21) is divided by 27?
23
Let p be 0 + 1 + (-7 - -6). Suppose x - 29 + 13 = p. What is the remainder when 45 is divided by x?
13
Suppose -168 = -0*d - 24*d. Calculate the remainder when 18 is divided by d.
4
Suppose -2064*k + 2071*k - 84 = 0. Calculate the remainder when k is divided by 4.
0
Suppose -54*t + 44*t + 140 = 0. What is the remainder when 21 is divided by t?
7
Let o = -934 + 936. What is the remainder when 13 is divided by o?
1
Let t(c) be the third derivative of 5*c**4/24 - 10*c**3/3 + 8*c**2. Calculate the remainder when t(14) is divided by 27.
23
Let u(r) = -r**3 - 9*r**2 + 8*r - 16. Let q be u(-10). Suppose 2*s = -q, 2*s + 44 = 3*v - 2*s. What is the remainder when v is divided by 4?
0
Suppose -49*i - 264 = -55*i. What is the remainder when i is divided by 27?
17
Let x(w) = -w**3 - 6*w**2 - 7*w - 8. Let y be x(-6). Let c(k) = 49*k - 42. What is the remainder when (y/(-3))/((-2)/3) is divided by c(1)?
3
Suppose -4*c + 3 = 2*i + 1, i - 5*c = 8. What is the remainder when (-888)/(-9) - 2/i is divided by 20?
18
Suppose -8*a + 72 = d - 6*a, 3*a - 283 = -4*d. Suppose 5*m - m - 144 = 0. What is the remainder when d is divided by m?
34
Let n be -2 + 0 + 2 - -116. Let m(q) = -3*q - 3. Let t be m(-1). Suppose -2*v - 2*v + n = t. What is the remainder when v is divided by 11?
7
Suppose -f = -5*d + 4*f + 365, -2*f = -d + 71. Suppose 0 = a + 4*a - d. Calculate the remainder when 41 is divided by a.
11
Let g = 178 + -171. What is the remainder when 11 is divided by g?
4
Suppose 24 = 2*q + 2*g, -2*g = -2*q + 7*q - 75. What is the remainder when 30/(-5)*(-11)/2 is divided by q?
16
Suppose 2*d + 17*i - 4792 = 19*i, 0 = -3*d - 4*i + 7195. Calculate the remainder when d is divided by 25.
22
What is the remainder when (15 + 368)/((-2)/(-4)) is divided by 128?
126
Let p(z) = -9*z**3 + 11*z**2 - 5*z - 69. Let u(f) = 4*f**3 - 5*f**2 + 2*f + 35. Let v(x) = 3*p(x) + 7*u(x). What is the remainder when v(0) is divided by 10?
8
Suppose -1 = r - 3. Suppose -r*w - x = -4*x - 46, 0 = 3*w + 2*x - 69. Suppose -p + 111 = w. What is the remainder when p is divided by 30?
28
Suppose 0 = -3*y + 9, b + 5 = y - 6. Let s = -2 - b. What is the remainder when (-4)/(-14) + (-304)/(-14) is divided by s?
4
Let a(j) = 2*j - 1. Let s be a(-1). Suppose 17 - 80 = -7*g. What is the remainder when g is divided by (-2 - (1 + s)) + 3?
0
Let d(g) = g**3 - 9*g**2 + 10*g - 9. Let h be d(8). Suppose 0 = a + 1, 4*n - 4*a - h = -9*a. Calculate the remainder when 10 is divided by n.
1
Let r = 14 + -12. Suppose -c - k = -6*k - 24, 3*k = -r*c + 113. Let x(y) = -y**3 - 4*y**2 + 3*y + 3. Calculate the remainder when c is divided by x(-5).
10
Suppose -2*k = -4*c + 112 - 26, 0 = -c - k + 14. Calculate the remainder when 105 is divided by c.
10
Let s = -150 - -155. Suppose x = -3*m + s, 0 = -13*x + 15*x + m - 20. What is the remainder when x is divided by (-1)/((-2)/6 - 0)?
2
Let w = -182 - -194. What is the remainder when 17 is divided by w?
5
Suppose -64 + 454 = 78*v. What is the remainder when (-1)/(-3) - (-23)/3 is divided by v?
3
Suppose 0 = 8*c - 1125 - 827. Calculate the remainder when c is divided by 41.
39
Let i = -1555 + 1590. What is the remainder when 383 is divided by i?
33
Suppose b + 3*r = 36, -3*r = -5*b - 7*r + 136. Calculate the remainder when 108 is divided by b.
12
Let t(i) = 10*i + 311. Let s be 2/8 + 34/(-8). What is the remainder when 41/s*12/(-3) is divided by t(-29)?
20
Let r(c) = c**2 - 2*c + 1. Let g be r(3). Suppose 2*k - 4*p - 9 = 3, g*k - 15 = -p. Calculate the remainder when 19 is divided by k.
3
Let u(a) = 2*a**3 + 2*a. Let o be u(2). Suppose 3*y = 7*y - o. Suppose -3*f + 4*f - 33 = y*n, -39 = -2*f + n. What is the remainder when f is divided by 8?
2
Suppose -3*i + 2*i + 6 = 0. Suppose -5*r + f - 2 + 141 = 0, -5*r - f = -131. What is the remainder when r is divided by i?
3
Let i = -262 - -435. Calculate the remainder when i/4 + (4 - 13/4) is divided by 23.
21
Suppose 38*t - 25 - 1305 = 0. What is the remainder when 379 is divided by t?
29
Let f(p) = p**3 + 7*p**2 - 3*p + 15. What is the remainder when 141 is divided by f(-7)?
33
Let z(b) = -4*b + 0*b**2 - b**2 + 0*b**2 + 2. Calculate the remainder when (-3)/(-2)*1*(-64)/(-12) is divided by z(-3).
3
Let g(u) = 8*u**2 - 4*u - 13. Calculate the remainder when g(5) is divided by -34*(-1 - (2 - 5 - -3)).
31
What is the remainder when -11 + 0 - (53 - 94) is divided by 7?
2
Let u(k) = 12*k**3 + 3*k - 4. Let p be -2 + (-3)/2*-2. What is the remainder when 41 is di